 5 + -9799 + 9869?
77
0 + (1388 + -1316 - ((2 - (-2 - -4)) + 1))
71
(9 - -17) + 9 + (-68 - 25)
-58
What is (10 - (5 - (3 - -4))) + 441 + -449?
4
Calculate -44 + 105 + (4 - (-1 - -27)).
39
-36 + 0 + (-1207 - -1178)
-65
0 + 8 - -2 - (-1 - -106 - (-4 - -24))
-75
What is -24 + 75 - -1 - 27?
25
Evaluate -23 - (14 - ((-5 - -18) + 9)).
-15
Evaluate 8 + 92 + (117 - 94) + 28.
151
What is the value of (101 - (-15 - -78)) + (-5 - 1)?
32
What is the value of 145 + -52 + -101 + (0 + -1 - -2) + -2?
-9
What is the value of 3 + -13 + -1 + -357 + 324?
-44
What is the value of -2 + -36 - (-122 + 121 - (17 + -1))?
-21
What is -51 + (-21 - (-57 - -19) - 11)?
-45
What is the value of 7 + 12 + -8 - 6 - (-32 + 34)?
3
Calculate (-1 + -4 - (12 - 22)) + -51 - -10.
-36
13 - (-47 - -109) - 1
-50
-499 + 496 + (-29 - -1)
-31
Evaluate -1176 + 1135 + 0 + 27.
-14
What is 45 + (-6 + -18 + 7 - -7) + -4?
31
Calculate -13 + (-3 - (-16 - (-2 - (-4 - (-8 - 0))))).
-6
2 - -8 - -3 - (69 + (48 - 84))
-20
-21 + (-10 - (-101 + 11)) + -5
54
Evaluate (-5349 - -5292) + 65 + 0.
8
Evaluate (15 + 16 + -26 - -2 - 21) + 68.
54
-21 + (3 - 1) + (-13 - (-9 + 4))
-27
108 + -39 + (1 + 10 - 17 - 2)
61
(29 - -30 - -99) + -105
53
Evaluate -90 + (118 - (-22 - -103)).
-53
4 + -10 + (-43 - -82)
33
Calculate (-2 + 9 - (15 - 10)) + (21 - (-11 + 8)).
26
Calculate (5 - 1 - (109 - 107)) + 7 + (4 - -21).
34
What is the value of (-141 - -96) + 26 + 26?
7
Calculate (155 - 137) + (-3 - 2) - -21.
34
What is the value of 0 + -3 - 10 - (-950 + 925)?
12
(-26 - -3 - -26) + 35 + -13
25
Evaluate -2 + 63 + 29 + -128.
-38
(20 - 25) + 10 + -5 + -16
-16
Evaluate 31 + -151 - -203 - 130.
-47
Calculate -52 - (-9 + -20 + -9 - -24).
-38
(19 + 0 - -1) + (5970 - 5997 - (-16 + 1))
8
(-2 - 1) + (17 - 17) - (128 - 128)
-3
Calculate -31 + -1 + (163 - 96) + -131.
-96
Calculate 76 + (-96 - 47) + 176.
109
What is the value of (-18 - (-28 + 21)) + (1 - 4 - -9)?
-5
What is the value of -17 + 12 + 75 - 32 - 38?
0
Evaluate -6 + (61 - 58) - (-3 - (1 - 1)).
0
Calculate 161 - 78 - (-27 - -4).
106
What is -1891 - -1891 - (-2 - -16)?
-14
7 + -101 + (53 - 53 - (-2 + 18))
-110
What is -1 + -70 - (4398 - 4470)?
1
What is -2313 + 2329 + (-1 - (1 - 3)) + -35?
-18
Evaluate 27 + (-32 - 25) + 49 - 94.
-75
What is the value of -55 + 58 + -9 + (-3 - -5) - -19?
15
Evaluate -104 + -67 + 96 - 11.
-86
What is the value of -1 + -21 - ((6 - (1 - 19)) + -32)?
-14
What is 81 - ((-20 - -32) + 22)?
47
What is the value of -94 - (29 + -1 + (-47 - -15))?
-90
Calculate 14 + -1 + 3 + -11 + 29.
34
Calculate 0 + -5 + 21 + -116.
-100
What is -37 + (61 - 115) + 78?
-13
-34 + (-4 - (2 - -2) - 2 - (-88 + 81))
-37
Calculate -23 + -1 + 46 + 46 + -100.
-32
Calculate -44 + -7 + 22 + 94 + -15.
50
79 + -70 + 20 + -107
-78
-4 + (2 - 1 - (-120 - (-54 + 14)))
77
-61 + 32 + 23 + (3 - 1)
-4
Calculate (-7 - -2) + -2 - (11127 - 11176).
42
Calculate (-1 - 5) + (71 - (25 + (0 - 16))) + 12.
68
-14 - -5 - 1 - (-6 + (-16 - -13) + -55)
54
Evaluate -3 + (1 - -1) + -51 + 40 + -36.
-48
What is the value of 2861 + -2860 - ((-6 - -4) + 93 + -1)?
-89
What is the value of 8 + 139 + -41 + 28 + -16?
118
Evaluate 14 + 0 - (57 - 35) - -70 - 14.
48
Evaluate 92 - (61 - (54 + 44)).
129
What is -14 - (-32 - (8 - ((31 - 23) + -8 + 5)))?
21
67 - 73 - (-63 + 21)
36
What is -104 + 3 + (8 + -10 - -27 - 19)?
-95
Evaluate (-52 - (6 - 29 - 10)) + (13 - -2) + -61.
-65
-4 + 145 + -18 + 6 - (-12 + -1) - 15
127
Calculate -20 + 13 + 8 + (-13 - -31) - 88.
-69
Evaluate (20 - 1) + 82 + (19 - 42) - -3.
81
Evaluate -27 + (-15 + 28 - -4) + 67.
57
What is the value of -2 - 75 - (67 - (-15 + 111))?
-48
3 + (39 - (-14 + 10 + 3 + 2))
41
What is the value of 2 + 11 + 6 + -8 + -34?
-23
(-24 - -46) + (17 - (7 - 16))
48
What is 41 + (-1 - -3) + -356 + 339?
26
What is 22 + 45 - (97 - -34)?
-64
(37 - 4) + (-33 + -32 - -62)
30
Calculate -8 - (5 - 39 - -15 - -21 - -5).
-15
Calculate 1 - (-22 + (10 - 9) - -74).
-52
What is the value of -1 - -13 - -2 - -10 - 14 - (4 - 30)?
36
Calculate -48 - (0 - -1 - (141 + -154 + 13 + 1)).
-48
What is the value of (82 - (124 + -32) - (0 + 0 + -11)) + 38?
39
Calculate 33 + -27 + 31 + -44.
-7
Evaluate (2 + 5 - (-3 - -17) - (-36 - -24)) + 83.
88
What is -42 + 3 + 16 - -6 - 19?
-36
Calculate -40 + (-6 - (100 - 162)).
16
(-1 - -1 - 3) + 52 + (-21 - 62)
-34
(-75 - (-24 - -28)) + 63
-16
What is the value of (-20 - (-40 + 30)) + (5 - 3 - 0) + -5?
-13
Evaluate (9 - 0) + -2 + (27 - (19 + -7)).
22
What is the value of -2 + (-20 + 28 + -36 - (5 + -1))?
-34
What is 17 - (-4 - (19 - 9) - -40)?
-9
What is the value of 11 - ((-20 + -8 - -21) + 15 - (1 - -47))?
51
(-10 + 12 - -70) + -35 - -18
55
What is the value of (-13 - (-18 + 2)) + 10 - -21?
34
Calculate 64 + -25 + -20 + -34.
-15
(-36 - (79 - 103)) + (28 - -1) - 33
-16
Calculate 22 + (1 - (13 + -1) - (-525 - -520)).
16
Calculate (-26 - -38) + 10 + -46.
-24
Calculate 47 + -52 - (-3 + -1 - 8).
7
(30 + -39 - -40) + 8 + -135
-96
What is -2 - (14 + (100 - 90) + 0 + 18)?
-44
What is 33 + -35 - -14 - (102 - (-2 - (-5 + -1)))?
-86
Evaluate (16 + 2 - 30) + 16 + (73 - -25).
102
What is -21 + 2 - (-1160 - -1122 - (2 - 64))?
-43
What is -1 - -41 - (-3233 + 3225 + (-2 - -2) + 5)?
43
Evaluate 56 - (-14 + 64) - (-4 - 0 - -37).
-27
Evaluate 115 - 22 - ((-2 - -5) + 1 + 1).
88
60 + -45 - (14 + -35 + 25)
11
Evaluate (-11 - -6) + (12 - 10) + (1 - 36).
-38
Evaluate 21 - (-37 + 0 + 14 - 4) - -17.
65
Calculate (4 - 18) + -33 + -12 + 58 + -66.
-67
-309 + 407 + -103 + -110 + 0
-115
What is the value of (-2 - (-12 - 0)) + -298 + 290 + 6?
8
What is the value of (-1 - -113) + (2 + 41 - (51 + 0))?
104
What is -36 + (-3 - (5 - (-21 + 28 + -6 + 0)))?
-43
Calculate (2 - 3) + 29 + -49 + (-3 - -23).
-1
Evaluate (37 + -26 - 25) + -36.
-50
Evaluate 0 + -12 + 2 + -10 + -9 + 1 + -64.
-92
(-2 - -11) + 75 + (2 - 11)
75
What is 97 - 45 - (-3 - -76)?
-21
What is 2 + 23 + 5 - (61 + -80)?
49
What is -20 + 36 + -20 + -47?
-51
Calculate 1 + (-8 - -1) + (2542 - 2568).
-32
What is the value of (-9 - (-38 - -28) - 21) + 19?
-1
Calculate (-2 - 0 - (-60 - -51)) + -40 - (9 + 0).
-42
Calculate 94 - 55 - (51 - 52).
40
What is (416 - 476) + 58 + 6?
4
143 - (126 - 55) - 17
55
Calculate 10 + (-7 - -1) - 27 - (31 - 23).
-31
14 + 18 - (-1 - (26 + -21)) - 7
31
Calculate (-9 - (28 - -1)) + 28 + 16.
6
(-22 - 8) + (-7 + 8 - -4)
-25
What is the value of -114 + 3 + -31 + (18 + -48 - -81)?
-91
-7 - (-5 - (16 + -8) - -4 - -3 - -54)
-55
Calculate 12986 + -12882 - (1 + 197).
-94
Evaluate 5 + (-4 - -9 - (-82 + 92)) + (-6 - 59).
-65
Evaluate (-79 - (-17 + -52)) + 14.
4
(0 - 16) + (-65 - -95) - -27
41
What is 7 - ((3 - 1) + -1) - (8608 + -8648) - 7?
39
What is 1 + -17 - (258 + -255) - (20 - 6)?
-33
Calculate 0 - (0 + 2 + -18 + (-8 + 26 - 9)).
7
What is the value of (6 - -44) + 25 + -59?
16
Calculate (40 - 11) + 6 + 1 - (116 + -101).
21
What is (72 - 17) + (-11 - 28)?
16
Calculate (-19 - (-22 + 13 - 5)) + -45 + -1 + 2.
-49
Evaluate (1 - 5) + 8 + 79 + -60.
23
14 + 0 + -15 + 12 - 12 - -2
1
What is 8 + 1 + (0 - 0) + (141 - 7 - 190)?
-47
What is -15 + 9 + (6 + 1 - -5) - -7?
13
What is the value of -15 - (-2 - 12) - -54?
53
What is the value of -1547 - -1501 - (-27 - 0)?
-19
Evaluate 16 + (-5 + (3 - (33 - 26)) - (-15 + 1)).
21
What is the value of 4 + 2 + -7 + -73 + 71 + 16 - 5?
8
What is -10 + 42 + -88 + 55?
-1
13 + -1 - (-549 + 540)
21
What is 50 + -69 + (16 - (-105 - -11))?
91
((54 - (-8 + 21)) + -7 - 5) + -6 + -5
18
What is -5 + 4 + (-3 - -5) - (-191 - -181)?
11
What is the value of -25 + 53 + 67 + -59?
36
Calculate 3 - (-6 + 24) - (104 + -169).
50
Evaluate (8 - (-1 - -1)) + 2 + (-197 - -202).
15
What is the value of -18 - (116 - (23 + -51 - -13)) - -11?
-138
Calculate 36 - (-25 + 107) - -35.
-11
What is the value of 187 - (353 - 173) - (96 + 0)?
-89
-58 - (59 + 7 + -77)
-47
(-13 - (-29 - -10) - 12) + -23
-29
Calculate -5 - -8 - (3 + -12 + 22) - 30.
-40
What is the value of (9 + 4 - 5) + (7 + 1 - -42) + 3?
61
What is 0 + (72 - -2) + 5 + (1446 - 1452)?
73
What is -14 + (-48 - -65 - (2 + -2 + -35))?
38
What is the value of (6 - (30 + -11)) + 16 + (3 - 2)?
4
-55 + (-7 - -18) + 8 + -81 + 86
-31
What is the value of (125 - 20) + 28 - 35?
98
What is (16 - (-39 + 64)) + 1 + 15 - (83 - 1)?
-75
What is (11 - 0) + (237 - 279) + 0 + -11?
-42
What i